{"id":207,"date":"2016-06-19T11:21:12","date_gmt":"2016-06-19T09:21:12","guid":{"rendered":"http:\/\/klu.clients.trevald.com\/en\/?page_id=207"},"modified":"2016-06-19T11:23:57","modified_gmt":"2016-06-19T09:23:57","slug":"presented","status":"publish","type":"page","link":"https:\/\/kerstinlundin.se\/en\/presented\/","title":{"rendered":"Presented"},"content":{"rendered":"<p>Encouraged by friends I showed my my images first time year 2000 at <em>Galleri Edvard<\/em>, V\u00e4rmd\u00f6, where I came back 2002. From there started my journey followed by <em>Salong Haga<\/em>, <em>Rosendahls Tr\u00e4dg\u00e5rdar<\/em>, <em>Galleri Elverket<\/em> in Djursholm. I was appointed artist of the month in Vallentuna and 2005 I got an invitation to solo exhibit at <em>Gallery Art Loft<\/em> in Singapore.<\/p>\n<p><em>Galleri Terseaus<\/em> on Hornsgatspuckeln in Stockholm became &#8220;my&#8221; gallery from 2007 with exhibition every second year until 2016.<\/p>\n<p>I have also had the opportunity to show my images during those years at <em>Vant\u00f6rs Konstf\u00f6rening<\/em>, <em>Gnesta Library<\/em>, <em>Gr\u00e4dda<\/em>\u00a0in \u00c5re (twice), <em>Arla Art Society<\/em>, <em>T\u00e4by Cultural Center<\/em>,\u00a0<em>Karby G\u00e5rd<\/em>, <em>Galleri de Marchi<\/em>\u00a0in Bologna and during coming autumn I will exhibit images at <em>Agora Gallery<\/em>\u00a0in New York.<\/p>\n","protected":false},"excerpt":{"rendered":"<p>Encouraged by friends I showed my my images first time year 2000 at Galleri Edvard, V\u00e4rmd\u00f6, where I came back 2002. From there started my journey followed by Salong Haga, Rosendahls Tr\u00e4dg\u00e5rdar, Galleri Elverket in Djursholm. I was appointed artist of the month in Vallentuna and 2005 I got an invitation to solo exhibit at [&hellip;]<\/p>\n","protected":false},"author":1,"featured_media":0,"parent":0,"menu_order":0,"comment_status":"closed","ping_status":"closed","template":"","meta":{"footnotes":""},"yoast_head":"<!-- This site is optimized with the Yoast SEO plugin v22.6 - https:\/\/yoast.com\/wordpress\/plugins\/seo\/ -->\n<title>Presented - Kerstin Lundin<\/title>\n<meta name=\"robots\" content=\"index, follow, max-snippet:-1, max-image-preview:large, max-video-preview:-1\" \/>\n<link rel=\"canonical\" href=\"https:\/\/kerstinlundin.se\/en\/presented\/\" \/>\n<meta property=\"og:locale\" content=\"en_US\" \/>\n<meta property=\"og:type\" content=\"article\" \/>\n<meta property=\"og:title\" content=\"Presented - Kerstin Lundin\" \/>\n<meta property=\"og:description\" content=\"Encouraged by friends I showed my my images first time year 2000 at Galleri Edvard, V\u00e4rmd\u00f6, where I came back 2002. From there started my journey followed by Salong Haga, Rosendahls Tr\u00e4dg\u00e5rdar, Galleri Elverket in Djursholm. I was appointed artist of the month in Vallentuna and 2005 I got an invitation to solo exhibit at [&hellip;]\" \/>\n<meta property=\"og:url\" content=\"https:\/\/kerstinlundin.se\/en\/presented\/\" \/>\n<meta property=\"og:site_name\" content=\"Kerstin Lundin\" \/>\n<meta property=\"article:modified_time\" content=\"2016-06-19T09:23:57+00:00\" \/>\n<meta name=\"twitter:card\" content=\"summary_large_image\" \/>\n<meta name=\"twitter:label1\" content=\"Est. reading time\" \/>\n\t<meta name=\"twitter:data1\" content=\"1 minute\" \/>\n<script type=\"application\/ld+json\" class=\"yoast-schema-graph\">{\"@context\":\"https:\/\/schema.org\",\"@graph\":[{\"@type\":\"WebPage\",\"@id\":\"https:\/\/kerstinlundin.se\/en\/presented\/\",\"url\":\"https:\/\/kerstinlundin.se\/en\/presented\/\",\"name\":\"Presented - Kerstin Lundin\",\"isPartOf\":{\"@id\":\"https:\/\/kerstinlundin.se\/#website\"},\"datePublished\":\"2016-06-19T09:21:12+00:00\",\"dateModified\":\"2016-06-19T09:23:57+00:00\",\"breadcrumb\":{\"@id\":\"https:\/\/kerstinlundin.se\/en\/presented\/#breadcrumb\"},\"inLanguage\":\"en-US\",\"potentialAction\":[{\"@type\":\"ReadAction\",\"target\":[\"https:\/\/kerstinlundin.se\/en\/presented\/\"]}]},{\"@type\":\"BreadcrumbList\",\"@id\":\"https:\/\/kerstinlundin.se\/en\/presented\/#breadcrumb\",\"itemListElement\":[{\"@type\":\"ListItem\",\"position\":1,\"name\":\"Hem\",\"item\":\"https:\/\/kerstinlundin.se\/en\/\"},{\"@type\":\"ListItem\",\"position\":2,\"name\":\"Presented\"}]},{\"@type\":\"WebSite\",\"@id\":\"https:\/\/kerstinlundin.se\/#website\",\"url\":\"https:\/\/kerstinlundin.se\/\",\"name\":\"Kerstin Lundin\",\"description\":\"\",\"potentialAction\":[{\"@type\":\"SearchAction\",\"target\":{\"@type\":\"EntryPoint\",\"urlTemplate\":\"https:\/\/kerstinlundin.se\/?s={search_term_string}\"},\"query-input\":\"required name=search_term_string\"}],\"inLanguage\":\"en-US\"}]}<\/script>\n<!-- \/ Yoast SEO plugin. -->","yoast_head_json":{"title":"Presented - Kerstin Lundin","robots":{"index":"index","follow":"follow","max-snippet":"max-snippet:-1","max-image-preview":"max-image-preview:large","max-video-preview":"max-video-preview:-1"},"canonical":"https:\/\/kerstinlundin.se\/en\/presented\/","og_locale":"en_US","og_type":"article","og_title":"Presented - Kerstin Lundin","og_description":"Encouraged by friends I showed my my images first time year 2000 at Galleri Edvard, V\u00e4rmd\u00f6, where I came back 2002. From there started my journey followed by Salong Haga, Rosendahls Tr\u00e4dg\u00e5rdar, Galleri Elverket in Djursholm. I was appointed artist of the month in Vallentuna and 2005 I got an invitation to solo exhibit at [&hellip;]","og_url":"https:\/\/kerstinlundin.se\/en\/presented\/","og_site_name":"Kerstin Lundin","article_modified_time":"2016-06-19T09:23:57+00:00","twitter_card":"summary_large_image","twitter_misc":{"Est. reading time":"1 minute"},"schema":{"@context":"https:\/\/schema.org","@graph":[{"@type":"WebPage","@id":"https:\/\/kerstinlundin.se\/en\/presented\/","url":"https:\/\/kerstinlundin.se\/en\/presented\/","name":"Presented - Kerstin Lundin","isPartOf":{"@id":"https:\/\/kerstinlundin.se\/#website"},"datePublished":"2016-06-19T09:21:12+00:00","dateModified":"2016-06-19T09:23:57+00:00","breadcrumb":{"@id":"https:\/\/kerstinlundin.se\/en\/presented\/#breadcrumb"},"inLanguage":"en-US","potentialAction":[{"@type":"ReadAction","target":["https:\/\/kerstinlundin.se\/en\/presented\/"]}]},{"@type":"BreadcrumbList","@id":"https:\/\/kerstinlundin.se\/en\/presented\/#breadcrumb","itemListElement":[{"@type":"ListItem","position":1,"name":"Hem","item":"https:\/\/kerstinlundin.se\/en\/"},{"@type":"ListItem","position":2,"name":"Presented"}]},{"@type":"WebSite","@id":"https:\/\/kerstinlundin.se\/#website","url":"https:\/\/kerstinlundin.se\/","name":"Kerstin Lundin","description":"","potentialAction":[{"@type":"SearchAction","target":{"@type":"EntryPoint","urlTemplate":"https:\/\/kerstinlundin.se\/?s={search_term_string}"},"query-input":"required name=search_term_string"}],"inLanguage":"en-US"}]}},"_links":{"self":[{"href":"https:\/\/kerstinlundin.se\/en\/wp-json\/wp\/v2\/pages\/207"}],"collection":[{"href":"https:\/\/kerstinlundin.se\/en\/wp-json\/wp\/v2\/pages"}],"about":[{"href":"https:\/\/kerstinlundin.se\/en\/wp-json\/wp\/v2\/types\/page"}],"author":[{"embeddable":true,"href":"https:\/\/kerstinlundin.se\/en\/wp-json\/wp\/v2\/users\/1"}],"replies":[{"embeddable":true,"href":"https:\/\/kerstinlundin.se\/en\/wp-json\/wp\/v2\/comments?post=207"}],"version-history":[{"count":4,"href":"https:\/\/kerstinlundin.se\/en\/wp-json\/wp\/v2\/pages\/207\/revisions"}],"predecessor-version":[{"id":213,"href":"https:\/\/kerstinlundin.se\/en\/wp-json\/wp\/v2\/pages\/207\/revisions\/213"}],"wp:attachment":[{"href":"https:\/\/kerstinlundin.se\/en\/wp-json\/wp\/v2\/media?parent=207"}],"curies":[{"name":"wp","href":"https:\/\/api.w.org\/{rel}","templated":true}]}}

<p>Encouraged by friends I showed my my images first time year 2000 at <em>Galleri Edvard</em>, Värmdö, where I came back 2002. From there started my journey followed by <em>Salong Haga</em>, <em>Rosendahls Trädgårdar</em>, <em>Galleri Elverket</em> in Djursholm. I was appointed artist of the month in Vallentuna and 2005 I got an invitation to solo exhibit at <em>Gallery Art Loft</em> in Singapore.</p>
<p><em>Galleri Terseaus</em> on Hornsgatspuckeln in Stockholm became &#8220;my&#8221; gallery from 2007 with exhibition every second year until 2016.</p>
<p>I have also had the opportunity to show my images during those years at <em>Vantörs Konstförening</em>, <em>Gnesta Library</em>, <em>Grädda</em> in Åre (twice), <em>Arla Art Society</em>, <em>Täby Cultural Center</em>, <em>Karby Gård</em>, <em>Galleri de Marchi</em> in Bologna and during coming autumn I will exhibit images at <em>Agora Gallery</em> in New York.</p>

<p>Encouraged by friends I showed my my images first time year 2000 at Galleri Edvard, Värmdö, where I came back 2002. From there started my journey followed by Salong Haga, Rosendahls Trädgårdar, Galleri Elverket in Djursholm. I was appointed artist of the month in Vallentuna and 2005 I got an invitation to solo exhibit at [&hellip;]</p>

<!-- This site is optimized with the Yoast SEO plugin v22.6 - https://yoast.com/wordpress/plugins/seo/ -->
<title>Presented - Kerstin Lundin</title>
<meta name="robots" content="index, follow, max-snippet:-1, max-image-preview:large, max-video-preview:-1" />
<link rel="canonical" href="https://kerstinlundin.se/en/presented/" />
<meta property="og:locale" content="en_US" />
<meta property="og:type" content="article" />
<meta property="og:title" content="Presented - Kerstin Lundin" />
<meta property="og:description" content="Encouraged by friends I showed my my images first time year 2000 at Galleri Edvard, Värmdö, where I came back 2002. From there started my journey followed by Salong Haga, Rosendahls Trädgårdar, Galleri Elverket in Djursholm. I was appointed artist of the month in Vallentuna and 2005 I got an invitation to solo exhibit at [&hellip;]" />
<meta property="og:url" content="https://kerstinlundin.se/en/presented/" />
<meta property="og:site_name" content="Kerstin Lundin" />
<meta property="article:modified_time" content="2016-06-19T09:23:57+00:00" />
<meta name="twitter:card" content="summary_large_image" />
<meta name="twitter:label1" content="Est. reading time" />
	<meta name="twitter:data1" content="1 minute" />
<script type="application/ld+json" class="yoast-schema-graph">{"@context":"https://schema.org","@graph":[{"@type":"WebPage","@id":"https://kerstinlundin.se/en/presented/","url":"https://kerstinlundin.se/en/presented/","name":"Presented - Kerstin Lundin","isPartOf":{"@id":"https://kerstinlundin.se/#website"},"datePublished":"2016-06-19T09:21:12+00:00","dateModified":"2016-06-19T09:23:57+00:00","breadcrumb":{"@id":"https://kerstinlundin.se/en/presented/#breadcrumb"},"inLanguage":"en-US","potentialAction":[{"@type":"ReadAction","target":["https://kerstinlundin.se/en/presented/"]}]},{"@type":"BreadcrumbList","@id":"https://kerstinlundin.se/en/presented/#breadcrumb","itemListElement":[{"@type":"ListItem","position":1,"name":"Hem","item":"https://kerstinlundin.se/en/"},{"@type":"ListItem","position":2,"name":"Presented"}]},{"@type":"WebSite","@id":"https://kerstinlundin.se/#website","url":"https://kerstinlundin.se/","name":"Kerstin Lundin","description":"","potentialAction":[{"@type":"SearchAction","target":{"@type":"EntryPoint","urlTemplate":"https://kerstinlundin.se/?s={search_term_string}"},"query-input":"required name=search_term_string"}],"inLanguage":"en-US"}]}</script>
<!-- / Yoast SEO plugin. -->

Encouraged by friends I showed my my images first time year 2000 at Galleri Edvard, Värmdö, where I came back 2002. From there started my journey followed by Salong Haga, Rosendahls Trädgårdar, Galleri Elverket in Djursholm. I was appointed artist of the month in Vallentuna and 2005 I got an invitation to solo exhibit at [&hellip;]
